d 12?
12
What is the highest common factor of 15741 and 22?
11
What is the highest common divisor of 46 and 9683?
23
What is the highest common divisor of 243 and 1?
1
What is the greatest common divisor of 11024 and 312?
104
Calculate the highest common divisor of 2375 and 100.
25
Calculate the greatest common divisor of 4094 and 2848.
178
Calculate the highest common divisor of 104 and 182.
26
What is the greatest common factor of 714 and 126?
42
Calculate the highest common factor of 21 and 3066.
21
What is the greatest common divisor of 137 and 3288?
137
Calculate the highest common factor of 108 and 1755.
27
Calculate the greatest common divisor of 266 and 14.
14
What is the highest common factor of 4408 and 304?
152
Calculate the highest common divisor of 464 and 16.
16
What is the greatest common divisor of 6 and 2328?
6
What is the greatest common divisor of 48 and 9552?
48
Calculate the highest common factor of 5 and 35.
5
Calculate the highest common divisor of 5796 and 49.
7
What is the greatest common divisor of 98 and 182?
14
Calculate the greatest common factor of 2 and 580.
2
Calculate the greatest common factor of 40 and 70.
10
What is the greatest common factor of 436 and 2071?
109
What is the highest common divisor of 28 and 126?
14
What is the greatest common factor of 418 and 66?
22
What is the greatest common divisor of 142 and 355?
71
What is the greatest common divisor of 1320 and 24?
24
What is the greatest common divisor of 20 and 152?
4
Calculate the greatest common divisor of 75225 and 75.
75
What is the highest common divisor of 2919 and 42?
21
What is the highest common divisor of 2275 and 525?
175
Calculate the greatest common factor of 63 and 616.
7
Calculate the highest common factor of 24 and 372.
12
Calculate the highest common factor of 28 and 2954.
14
What is the highest common factor of 520 and 1430?
130
What is the greatest common factor of 4842 and 18?
18
Calculate the highest common divisor of 5993 and 13.
13
What is the highest common factor of 972 and 24?
12
Calculate the highest common factor of 3072 and 448.
64
Calculate the highest common divisor of 546 and 637.
91
What is the greatest common divisor of 102 and 3774?
102
Calculate the highest common divisor of 29 and 493.
29
What is the greatest common factor of 2 and 71?
1
Calculate the greatest common divisor of 2196 and 244.
244
What is the greatest common factor of 20275 and 25?
25
What is the greatest common factor of 3026 and 178?
178
Calculate the highest common factor of 2050 and 6.
2
Calculate the highest common divisor of 3026 and 1246.
178
Calculate the greatest common divisor of 43369 and 31.
31
What is the highest common divisor of 28 and 12?
4
What is the greatest common divisor of 96 and 108?
12
What is the greatest common factor of 39 and 52?
13
Calculate the highest common factor of 13 and 104.
13
Calculate the highest common divisor of 6989 and 29.
29
What is the highest common divisor of 11328 and 36?
12
Calculate the greatest common divisor of 70 and 42.
14
What is the greatest common divisor of 7909 and 11?
11
What is the greatest common factor of 49 and 539?
49
What is the highest common divisor of 1497 and 3?
3
Calculate the highest common divisor of 1003 and 34.
17
Calculate the greatest common divisor of 10044 and 9.
9
What is the highest common divisor of 6 and 144?
6
What is the greatest common divisor of 680 and 30?
10
What is the greatest common divisor of 10 and 105600?
10
Calculate the greatest common divisor of 12285 and 90.
45
What is the greatest common factor of 23 and 10511?
23
What is the highest common factor of 1300 and 200?
100
What is the greatest common divisor of 18 and 81?
9
What is the highest common divisor of 53 and 636?
53
Calculate the greatest common divisor of 360 and 90.
90
What is the greatest common factor of 45 and 180?
45
What is the greatest common factor of 80 and 410?
10
What is the greatest common factor of 36 and 99?
9
What is the greatest common divisor of 348 and 12?
12
What is the greatest common factor of 54 and 4?
2
What is the greatest common divisor of 23128 and 4?
4
Calculate the greatest common divisor of 855 and 18.
9
What is the greatest common factor of 756 and 112?
28
What is the highest common divisor of 1632 and 128?
32
Calculate the highest common divisor of 59 and 472.
59
Calculate the greatest common divisor of 10191 and 948.
237
Calculate the highest common factor of 1120 and 385.
35
What is the highest common factor of 1314 and 243?
9
What is the highest common divisor of 3 and 192?
3
Calculate the greatest common factor of 432 and 96.
48
What is the highest common factor of 10 and 25?
5
Calculate the greatest common divisor of 1161 and 18.
9
Calculate the greatest common divisor of 3965 and 122.
61
What is the greatest common factor of 1406 and 570?
38
Calculate the highest common factor of 1426 and 23.
23
Calculate the greatest common factor of 144 and 8544.
48
What is the highest common factor of 162 and 1824?
6
What is the highest common divisor of 56 and 1204?
28
What is the greatest common divisor of 299 and 13?
13
What is the greatest common factor of 70 and 28?
14
What is the highest common divisor of 10 and 3890?
10
What is the highest common divisor of 3237 and 996?
249
What is the greatest common factor of 66 and 66?
66
Calculate the highest common divisor of 93 and 15996.
93
What is the highest common factor of 47 and 799?
47
Calculate the highest common divisor of 18 and 576.
18
Calculate the highest common divisor of 594 and 22.
22
What is the highest common divisor of 775 and 31?
31
What is the highest common factor of 47 and 2209?
47
Calculate the highest common divisor of 2 and 29.
1
Calculate the greatest common factor of 136 and 50320.
136
What is the greatest common divisor of 650 and 2450?
50
Calculate the highest common divisor of 27 and 135.
27
What is the highest common divisor of 160 and 28640?
160
Calculate the highest common factor of 1 and 54.
1
What is the highest common divisor of 228 and 318?
6
What is the greatest common factor of 18 and 828?
18
What is the highest common divisor of 42 and 1022?
14
What is the greatest common factor of 134 and 37654?
134
What is the highest common factor of 12957 and 14?
7
Calculate the highest common factor of 42 and 462.
42
Calculate the greatest common factor of 44 and 4521.
11
Calculate the highest common divisor of 480 and 22.
2
What is the highest common factor of 56 and 51044?
28
What is the highest common factor of 8 and 14?
2
Calculate the greatest common divisor of 37 and 6142.
37
Calculate the greatest common divisor of 187 and 330.
11
Calculate the greatest common divisor of 24 and 30.
6
Calculate the greatest common factor of 1053 and 405.
81
What is the highest common factor of 633 and 3587?
211
Calculate the greatest common divisor of 164 and 332.
4
What is the greatest common factor of 165 and 869?
11
Calculate the highest common factor of 208 and 104.
104
What is the highest common divisor of 95 and 19?
19
Calculate the greatest common factor of 12193 and 137.
137
Calculate the greatest common factor of 92 and 115.
23
Calculate the highest common divisor of 620 and 80.
20
What is the highest common factor of 129 and 860?
43
Calculate the greatest common divisor of 126 and 198.
18
Calculate the highest common factor of 1537 and 29.
29
Calculate the greatest common factor of 162 and 2556.
18
Calculate the highest common divisor of 240 and 5880.
120
What is the highest common factor of 34 and 1071?
17
What is the highest common factor of 64 and 56?
8
Calculate the highest common factor of 51 and 272.
17
What is the highest common factor of 11942 and 14?
14
Calculate the greatest common factor of 5 and 167.
1
Calculate the greatest common factor of 304 and 32.
16
Calculate the greatest common divisor of 125 and 75.
25
Calculate the highest common divisor of 35 and 14.
7
What is the highest common divisor of 5 and 1555?
5
What is the highest common factor of 246 and 120?
6
Calculate the highest common factor of 192 and 3.
3
Calculate the highest common divisor of 38 and 475.
19
What is the highest common factor of 630 and 960?
30
Calculate the greatest common factor of 53 and 371.
53
What